4, what is 1233310 + -3220?
1230030
In base 15, what is -29 + -3c55d1?
-3c560a
In base 2, what is -1111110010000 - 1111010001?
-10001101100001
In base 11, what is 206861 + -94?
206778
In base 12, what is 49a + -69aa6?
-69608
In base 4, what is -1010 - -313332032231?
313332031221
In base 4, what is 212113 - 231102?
-12323
In base 11, what is 290a870 + -48?
290a823
In base 13, what is 5 - -39c818?
39c820
In base 8, what is -4040 + -11275?
-15335
In base 13, what is 2 - -13cb5029?
13cb502b
In base 16, what is 8ba6b + -19?
8ba52
In base 14, what is 1dd077 - 0?
1dd077
In base 11, what is -1998 + 1564?
-434
In base 16, what is 3309 + -178d?
1b7c
In base 13, what is -135b3c113 - 0?
-135b3c113
In base 4, what is -1012313332 + 122?
-1012313210
In base 13, what is -730298 - -3?
-730295
In base 6, what is 1023 - -1204320?
1205343
In base 7, what is 36 - 20502524?
-20502455
In base 12, what is 3 - 23a0b53?
-23a0b50
In base 4, what is -122123213 - 2210?
-122132023
In base 3, what is 10 + 1221110102221010?
1221110102221020
In base 16, what is 111a3 - c7?
110dc
In base 12, what is 22 - -1a3973?
1a3995
In base 2, what is -1001101111010110 - 1001001100?
-1001111000100010
In base 4, what is 10301 - -3002300?
3013201
In base 12, what is 50373 + 57?
5040a
In base 5, what is 43341312 - 1?
43341311
In base 14, what is -63402c38 - -3?
-63402c35
In base 15, what is -6 + 4651b41?
4651b3a
In base 8, what is -117107445 + -3?
-117107450
In base 14, what is -da4 + 107?
-c9b
In base 11, what is -72056 - -40?
-72016
In base 4, what is 1 - 1310110123223?
-1310110123222
In base 5, what is 403 + 10313331?
10314234
In base 10, what is -1812 - -3053?
1241
In base 16, what is 1840 - -101f?
285f
In base 3, what is 10 + -11010112021201102?
-11010112021201022
In base 12, what is -745 - -4904?
417b
In base 15, what is -22 + -12b02c?
-12b04e
In base 14, what is -3b86600 - -1?
-3b865dd
In base 12, what is 33419 + -5871?
29768
In base 13, what is -9394cc57 - 3?
-9394cc5a
In base 11, what is 3278906 - -75?
3278980
In base 8, what is 2255 - 56663?
-54406
In base 10, what is -239 - -915550?
915311
In base 7, what is -330 + -22563?
-23223
In base 10, what is 243691 + -10?
243681
In base 4, what is 1131223211 + -20100?
1131203111
In base 8, what is -34 - -3536766?
3536732
In base 6, what is 43413 - 11255?
32114
In base 14, what is d8397c + -d?
d8396d
In base 8, what is 123 + -7561215?
-7561072
In base 8, what is -11602340 - -4?
-11602334
In base 11, what is -13005 - -277?
-12839
In base 3, what is 10021 + 11012000?
11022021
In base 6, what is -124 + 5005554?
5005430
In base 10, what is -25506866 - 8?
-25506874
In base 14, what is 55cc97 + 2b?
55ccc4
In base 15, what is -18a + -97ace?
-97c69
In base 13, what is 9c917075 - 3?
9c917072
In base 14, what is -1359 + -2162?
-34bb
In base 6, what is -325551 + 251234?
-34313
In base 15, what is 2c662 + -29?
2c638
In base 6, what is -4011200 + 4443?
-4002313
In base 8, what is 1021 + 201123?
202144
In base 4, what is -1202102 - -10232?
-1131210
In base 11, what is -225789 + -13?
-2257a1
In base 3, what is -121 - 211121100010?
-211121100201
In base 6, what is 34313203 + 15?
34313222
In base 4, what is -3201113101122 + -1?
-3201113101123
In base 15, what is 19058 + -33?
19025
In base 11, what is -2609 - -471?
-2148
In base 13, what is -571 + -6a255?
-6a7c6
In base 3, what is -2 + -102000110020002?
-102000110020011
In base 8, what is -4 + 46160464?
46160460
In base 14, what is -cb8505 + 15?
-cb84d0
In base 11, what is 897289 - -39?
897317
In base 9, what is -223 + -2534365?
-2534588
In base 6, what is -3353 + 222040?
214243
In base 2, what is -101 + -10000011111110100001011?
-10000011111110100010000
In base 2, what is -1000101010 + -10110000001010010001?
-10110000010010111011
In base 10, what is -164 - 3782717?
-3782881
In base 10, what is 58316 - 514?
57802
In base 12, what is -b25050 - -8?
-b25044
In base 2, what is 1100001 + 100110111011110110?
100110111101010111
In base 4, what is 20030 + -1102220333?
-1102200303
In base 2, what is -10010001001101000010 + 10?
-10010001001101000000
In base 14, what is -22b031 + 1c?
-22b013
In base 10, what is 116 + -114402?
-114286
In base 6, what is 1040300 + 411?
1041111
In base 14, what is 8613ad - -4d?
86141c
In base 15, what is 4 + -1e6bb3?
-1e6bae
In base 14, what is -1d39781 - 1?
-1d39782
In base 6, what is 4 + -4121234230?
-4121234222
In base 4, what is 10212 - 2003120?
-1332302
In base 11, what is -30 - -191167?
191137
In base 16, what is -3f - -d0eef?
d0eb0
In base 15, what is -3 - -11d522?
11d51e
In base 3, what is 100201021101 + 10211220?
100212010021
In base 8, what is 2 + 14504340?
14504342
In base 7, what is -6 - 3063565?
-3063604
In base 8, what is 2776 + -36112?
-33114
In base 8, what is 0 + 55201510?
55201510
In base 6, what is 13044514054 + 2?
13044514100
In base 9, what is -437 + 5024?
4476
In base 3, what is 100102121 + -100120?
100002001
In base 5, what is 10 + -142101114?
-142101104
In base 11, what is -33831252 - 6?
-33831258
In base 5, what is -3 - 1043133040?
-1043133043
In base 16, what is 3 - -10fba09?
10fba0c
In base 13, what is -8bc18 - bc?
-8c007
In base 4, what is 11013033 - -121023?
11200122
In base 7, what is -456 + 366135?
365346
In base 5, what is 22 + 10223242?
10223314
In base 4, what is 113320203330 - 31?
113320203233
In base 16, what is -2 + 8ff1fa?
8ff1f8
In base 15, what is -88b5e7 - -2?
-88b5e5
In base 12, what is 3 + 296854?
296857
In base 11, what is 72a0a3 - 113?
729a90
In base 16, what is 11b + 6ab3?
6bce
In base 16, what is 930 - 1299a?
-1206a
In base 2, what is 1010101001110100101 - 11000?
1010101001110001101
In base 15, what is -58ab732 + a?
-58ab727
In base 11, what is 1120 - -2083?
31a3
In base 15, what is 5c63b - -66?
5c6a2
In base 7, what is -14300 - 5643?
-23243
In base 12, what is 24 - 2754?
-2730
In base 9, what is 64 + -18886362?
-18886287
In base 4, what is -210312313 + 13021?
-210233232
In base 3, what is 111220102220 + 2020?
111220112010
In base 12, what is 6 - 376013?
-376009
In base 11, what is 998931 - -5?
998936
In base 10, what is -2595895 - 0?
-2595895
In base 6, what is -1 + -1154515003?
-1154515004
In base 5, what is 40 + -21313410430?
-21313410340
In base 9, what is -624863 + 15?
-624847
In base 2, what is 1 - 111100110010100101?
-111100110010100100
In base 8, what is -11 - -7050705?
7050674
In base 10, what is 315209 + -2774?
312435
In base 4, what is 322320 + 1032211?
2021131
In base 11, what is 48371a + 6?
483725
In base 13, what is 5 - 45c4ba93?
-45c4ba8b
In base 15, what is 18ab5 - 27?
18a8d
In base 6, what is 141112424305 + -5?
141112424300
In base 4, what is -32033221220 - 30?
-32033221310
In base 7, what is -466 + 61601?
61102
In base 10, what is 10 - 9003224?
-9003214
In base 12, what is -39563926 + 5?
-39563921
In base 13, what is 8b - -36b6?
3774
In base 16, what is -1302b1 + -d5?
-130386
In base 3, what is -12200 - 2102011220?
-2102101120
In base 10, what is 12672 + 106?
12778
In base 8, what is -100632 - -503?
-100127
In base 4, what is 130233 + 2313333?
3110232
In base 3, what is -1110120220022 - -10011?
-1110120210011
In base 16, what is 0 - 3b7286?
-3b7286
In base 15, what is 113592 + -a?
113587
In base 16, what is bd387 + -24a?
bd13d
In base 7, what is 326101 + -3202?
322566
In base 9, what is 65 - -586051?
586126
In base 14, what is 72 - -d5d0?
d662
In base 14, what is -cd628 + 8?
-cd620
In base 11, what is 12742046 + 9?
12742054
In base 5, what is -211431401211 + -10?
-211431401221
In base 16, what is 5 + -69d154?
-69d14f
In base 7, what is -160045 - -22321?
-134424
In base 4, what is -112221 - 11232001?
-12010222
In base 2, what is 1100111000000010011010 - 10?
1100111000000010011000
In base 5, what is 4024 + 11040224?
11044303
In base 3, what is 11120202111111 - 10?
11120202111101
In base 16, what is 4e9352 - 4?
4e934e
In base 5, what is 41 - 1212140321?
-1212140230
In base 14, what is 27d4bb + -a?
27d4b1
In base 2, what is 10 - -101010001101101001011?
101010001101101001101
In base 15, what is 4d70226 - -a?
4d70231
In base 4, what is 223013002210 + -110?
223013002100
In base 5, what is -31143324 - -3033?
-31140241
In base 9, what is -31803 + 25123?
-5670
In base 7, what is -61 - 14634422?
-14634513
In base 11, what is -21029